{"id":1328,"date":"2021-11-26T20:54:10","date_gmt":"2021-11-26T19:54:10","guid":{"rendered":"http:\/\/dorotawp.bplaced.net\/?page_id=1328"},"modified":"2021-11-26T21:02:30","modified_gmt":"2021-11-26T20:02:30","slug":"sonstiges","status":"publish","type":"page","link":"https:\/\/architektweselmann.de\/?page_id=1328","title":{"rendered":"Sonstiges"},"content":{"rendered":"\n<p class=\"has-text-color has-medium-font-size\" style=\"color:#1b532c\"><strong>Ausser einem breiten Angebot f\u00fcr den privaten, \u00f6ffentlichen und gewerblichen Bau k\u00f6nnen wir Ihnen auch bei anderen Anfragen, wie z. B. Konzeption eines Wochendendhauses oder Detaill\u00f6sungen f\u00fcr Ihre bestehenden Bauvorhaben, behilflich sein.<\/strong>  <\/p>\n\n\n\n<p><\/p>\n\n\n\n<p class=\"has-text-align-center has-text-color has-medium-font-size\" style=\"color:#1b532c\"><strong>Wochenendhaus Priwall<\/strong><\/p>\n\n\n\n<div class=\"alignnormal\"><div id=\"metaslider-id-979\" style=\"max-width: 700px;\" class=\"ml-slider-3-23-3 metaslider metaslider-responsive metaslider-979 ml-slider\">\n    <div id=\"metaslider_container_979\">\n        <ul id='metaslider_979' class='rslides'>\n            <li><img loading=\"lazy\" decoding=\"async\" width=\"2560\" height=\"1920\" src=\"https:\/\/architektweselmann.de\/wp-content\/uploads\/2021\/11\/CIMG6725-scaled.jpg\" class=\"slider-979 slide-980\" alt=\"\" rel=\"\" title=\"CIMG6725\" srcset=\"https:\/\/architektweselmann.de\/wp-content\/uploads\/2021\/11\/CIMG6725-scaled.jpg 2560w, https:\/\/architektweselmann.de\/wp-content\/uploads\/2021\/11\/CIMG6725-300x225.jpg 300w, https:\/\/architektweselmann.de\/wp-content\/uploads\/2021\/11\/CIMG6725-1024x768.jpg 1024w, https:\/\/architektweselmann.de\/wp-content\/uploads\/2021\/11\/CIMG6725-768x576.jpg 768w, https:\/\/architektweselmann.de\/wp-content\/uploads\/2021\/11\/CIMG6725-1536x1152.jpg 1536w, https:\/\/architektweselmann.de\/wp-content\/uploads\/2021\/11\/CIMG6725-2048x1536.jpg 2048w, https:\/\/architektweselmann.de\/wp-content\/uploads\/2021\/11\/CIMG6725-150x113.jpg 150w\" sizes=\"auto, (max-width: 2560px) 100vw, 2560px\" \/><\/li>\n            <li style='display: none;'><img loading=\"lazy\" decoding=\"async\" width=\"2560\" height=\"1920\" src=\"https:\/\/architektweselmann.de\/wp-content\/uploads\/2021\/11\/CIMG6726-scaled.jpg\" class=\"slider-979 slide-981\" alt=\"\" rel=\"\" title=\"CIMG6726\" srcset=\"https:\/\/architektweselmann.de\/wp-content\/uploads\/2021\/11\/CIMG6726-scaled.jpg 2560w, https:\/\/architektweselmann.de\/wp-content\/uploads\/2021\/11\/CIMG6726-300x225.jpg 300w, https:\/\/architektweselmann.de\/wp-content\/uploads\/2021\/11\/CIMG6726-1024x768.jpg 1024w, https:\/\/architektweselmann.de\/wp-content\/uploads\/2021\/11\/CIMG6726-768x576.jpg 768w, https:\/\/architektweselmann.de\/wp-content\/uploads\/2021\/11\/CIMG6726-1536x1152.jpg 1536w, https:\/\/architektweselmann.de\/wp-content\/uploads\/2021\/11\/CIMG6726-2048x1536.jpg 2048w, https:\/\/architektweselmann.de\/wp-content\/uploads\/2021\/11\/CIMG6726-150x113.jpg 150w\" sizes=\"auto, (max-width: 2560px) 100vw, 2560px\" \/><\/li>\n            <li style='display: none;'><img loading=\"lazy\" decoding=\"async\" width=\"2560\" height=\"1920\" src=\"https:\/\/architektweselmann.de\/wp-content\/uploads\/2021\/11\/CIMG6722-scaled.jpg\" class=\"slider-979 slide-982\" alt=\"\" rel=\"\" title=\"CIMG6722\" srcset=\"https:\/\/architektweselmann.de\/wp-content\/uploads\/2021\/11\/CIMG6722-scaled.jpg 2560w, https:\/\/architektweselmann.de\/wp-content\/uploads\/2021\/11\/CIMG6722-300x225.jpg 300w, https:\/\/architektweselmann.de\/wp-content\/uploads\/2021\/11\/CIMG6722-1024x768.jpg 1024w, https:\/\/architektweselmann.de\/wp-content\/uploads\/2021\/11\/CIMG6722-768x576.jpg 768w, https:\/\/architektweselmann.de\/wp-content\/uploads\/2021\/11\/CIMG6722-1536x1152.jpg 1536w, https:\/\/architektweselmann.de\/wp-content\/uploads\/2021\/11\/CIMG6722-2048x1536.jpg 2048w, https:\/\/architektweselmann.de\/wp-content\/uploads\/2021\/11\/CIMG6722-150x113.jpg 150w\" sizes=\"auto, (max-width: 2560px) 100vw, 2560px\" \/><\/li>\n            <li style='display: none;'><img loading=\"lazy\" decoding=\"async\" width=\"2560\" height=\"1920\" src=\"https:\/\/architektweselmann.de\/wp-content\/uploads\/2021\/11\/CIMG6723-scaled.jpg\" class=\"slider-979 slide-983\" alt=\"\" rel=\"\" title=\"CIMG6723\" srcset=\"https:\/\/architektweselmann.de\/wp-content\/uploads\/2021\/11\/CIMG6723-scaled.jpg 2560w, https:\/\/architektweselmann.de\/wp-content\/uploads\/2021\/11\/CIMG6723-300x225.jpg 300w, https:\/\/architektweselmann.de\/wp-content\/uploads\/2021\/11\/CIMG6723-1024x768.jpg 1024w, https:\/\/architektweselmann.de\/wp-content\/uploads\/2021\/11\/CIMG6723-768x576.jpg 768w, https:\/\/architektweselmann.de\/wp-content\/uploads\/2021\/11\/CIMG6723-1536x1152.jpg 1536w, https:\/\/architektweselmann.de\/wp-content\/uploads\/2021\/11\/CIMG6723-2048x1536.jpg 2048w, https:\/\/architektweselmann.de\/wp-content\/uploads\/2021\/11\/CIMG6723-150x113.jpg 150w\" sizes=\"auto, (max-width: 2560px) 100vw, 2560px\" \/><\/li>\n            <li style='display: none;'><img loading=\"lazy\" decoding=\"async\" width=\"2560\" height=\"1920\" src=\"https:\/\/architektweselmann.de\/wp-content\/uploads\/2021\/11\/DSCN0114-scaled.jpg\" class=\"slider-979 slide-984\" alt=\"\" rel=\"\" title=\"DSCN0114\" srcset=\"https:\/\/architektweselmann.de\/wp-content\/uploads\/2021\/11\/DSCN0114-scaled.jpg 2560w, https:\/\/architektweselmann.de\/wp-content\/uploads\/2021\/11\/DSCN0114-300x225.jpg 300w, https:\/\/architektweselmann.de\/wp-content\/uploads\/2021\/11\/DSCN0114-1024x768.jpg 1024w, https:\/\/architektweselmann.de\/wp-content\/uploads\/2021\/11\/DSCN0114-768x576.jpg 768w, https:\/\/architektweselmann.de\/wp-content\/uploads\/2021\/11\/DSCN0114-1536x1152.jpg 1536w, https:\/\/architektweselmann.de\/wp-content\/uploads\/2021\/11\/DSCN0114-2048x1536.jpg 2048w, https:\/\/architektweselmann.de\/wp-content\/uploads\/2021\/11\/DSCN0114-150x113.jpg 150w\" sizes=\"auto, (max-width: 2560px) 100vw, 2560px\" \/><\/li>\n        <\/ul>\n        \n    <\/div>\n<\/div><\/div>\n\n\n\n<p class=\"has-text-align-center has-text-color has-medium-font-size\" style=\"color:#1b532c\"><strong>Detaill\u00f6sungen<\/strong><\/p>\n\n\n\n<div class=\"alignnormal\"><div id=\"metaslider-id-1150\" style=\"max-width: 700px;\" class=\"ml-slider-3-23-3 metaslider metaslider-responsive metaslider-1150 ml-slider\">\n    <div id=\"metaslider_container_1150\">\n        <ul id='metaslider_1150' class='rslides'>\n            <li><img loading=\"lazy\" decoding=\"async\" width=\"2560\" height=\"1920\" src=\"https:\/\/architektweselmann.de\/wp-content\/uploads\/2021\/11\/CIMG6541-scaled.jpg\" class=\"slider-1150 slide-1156\" alt=\"\" rel=\"\" title=\"CIMG6541\" srcset=\"https:\/\/architektweselmann.de\/wp-content\/uploads\/2021\/11\/CIMG6541-scaled.jpg 2560w, https:\/\/architektweselmann.de\/wp-content\/uploads\/2021\/11\/CIMG6541-300x225.jpg 300w, https:\/\/architektweselmann.de\/wp-content\/uploads\/2021\/11\/CIMG6541-1024x768.jpg 1024w, https:\/\/architektweselmann.de\/wp-content\/uploads\/2021\/11\/CIMG6541-768x576.jpg 768w, https:\/\/architektweselmann.de\/wp-content\/uploads\/2021\/11\/CIMG6541-1536x1152.jpg 1536w, https:\/\/architektweselmann.de\/wp-content\/uploads\/2021\/11\/CIMG6541-2048x1536.jpg 2048w, https:\/\/architektweselmann.de\/wp-content\/uploads\/2021\/11\/CIMG6541-150x113.jpg 150w\" sizes=\"auto, (max-width: 2560px) 100vw, 2560px\" \/><\/li>\n            <li style='display: none;'><img loading=\"lazy\" decoding=\"async\" width=\"2560\" height=\"1920\" src=\"https:\/\/architektweselmann.de\/wp-content\/uploads\/2021\/11\/CIMG6539-scaled.jpg\" class=\"slider-1150 slide-1157\" alt=\"\" rel=\"\" title=\"CIMG6539\" srcset=\"https:\/\/architektweselmann.de\/wp-content\/uploads\/2021\/11\/CIMG6539-scaled.jpg 2560w, https:\/\/architektweselmann.de\/wp-content\/uploads\/2021\/11\/CIMG6539-300x225.jpg 300w, https:\/\/architektweselmann.de\/wp-content\/uploads\/2021\/11\/CIMG6539-1024x768.jpg 1024w, https:\/\/architektweselmann.de\/wp-content\/uploads\/2021\/11\/CIMG6539-768x576.jpg 768w, https:\/\/architektweselmann.de\/wp-content\/uploads\/2021\/11\/CIMG6539-1536x1152.jpg 1536w, https:\/\/architektweselmann.de\/wp-content\/uploads\/2021\/11\/CIMG6539-2048x1536.jpg 2048w, https:\/\/architektweselmann.de\/wp-content\/uploads\/2021\/11\/CIMG6539-150x113.jpg 150w\" sizes=\"auto, (max-width: 2560px) 100vw, 2560px\" \/><\/li>\n            <li style='display: none;'><img loading=\"lazy\" decoding=\"async\" width=\"2560\" height=\"1920\" src=\"https:\/\/architektweselmann.de\/wp-content\/uploads\/2021\/11\/CIMG6538-scaled.jpg\" class=\"slider-1150 slide-1158\" alt=\"\" rel=\"\" title=\"CIMG6538\" srcset=\"https:\/\/architektweselmann.de\/wp-content\/uploads\/2021\/11\/CIMG6538-scaled.jpg 2560w, https:\/\/architektweselmann.de\/wp-content\/uploads\/2021\/11\/CIMG6538-300x225.jpg 300w, https:\/\/architektweselmann.de\/wp-content\/uploads\/2021\/11\/CIMG6538-1024x768.jpg 1024w, https:\/\/architektweselmann.de\/wp-content\/uploads\/2021\/11\/CIMG6538-768x576.jpg 768w, https:\/\/architektweselmann.de\/wp-content\/uploads\/2021\/11\/CIMG6538-1536x1152.jpg 1536w, https:\/\/architektweselmann.de\/wp-content\/uploads\/2021\/11\/CIMG6538-2048x1536.jpg 2048w, https:\/\/architektweselmann.de\/wp-content\/uploads\/2021\/11\/CIMG6538-150x113.jpg 150w\" sizes=\"auto, (max-width: 2560px) 100vw, 2560px\" \/><\/li>\n            <li style='display: none;'><img loading=\"lazy\" decoding=\"async\" width=\"2560\" height=\"1920\" src=\"https:\/\/architektweselmann.de\/wp-content\/uploads\/2021\/11\/CIMG6540-scaled.jpg\" class=\"slider-1150 slide-1159\" alt=\"\" rel=\"\" title=\"CIMG6540\" srcset=\"https:\/\/architektweselmann.de\/wp-content\/uploads\/2021\/11\/CIMG6540-scaled.jpg 2560w, https:\/\/architektweselmann.de\/wp-content\/uploads\/2021\/11\/CIMG6540-300x225.jpg 300w, https:\/\/architektweselmann.de\/wp-content\/uploads\/2021\/11\/CIMG6540-1024x768.jpg 1024w, https:\/\/architektweselmann.de\/wp-content\/uploads\/2021\/11\/CIMG6540-768x576.jpg 768w, https:\/\/architektweselmann.de\/wp-content\/uploads\/2021\/11\/CIMG6540-1536x1152.jpg 1536w, https:\/\/architektweselmann.de\/wp-content\/uploads\/2021\/11\/CIMG6540-2048x1536.jpg 2048w, https:\/\/architektweselmann.de\/wp-content\/uploads\/2021\/11\/CIMG6540-150x113.jpg 150w\" sizes=\"auto, (max-width: 2560px) 100vw, 2560px\" \/><\/li>\n        <\/ul>\n        \n    <\/div>\n<\/div><\/div>\n","protected":false},"excerpt":{"rendered":"<p>Ausser einem breiten Angebot f\u00fcr den privaten, \u00f6ffentlichen und gewerblichen Bau k\u00f6nnen wir Ihnen auch bei anderen Anfragen, wie z. B. Konzeption eines Wochendendhauses oder Detaill\u00f6sungen f\u00fcr Ihre bestehenden Bauvorhaben, behilflich sein. Wochenendhaus Priwall Detaill\u00f6sungen<\/p>\n<p> <a class=\"continue-reading-link\" href=\"https:\/\/architektweselmann.de\/?page_id=1328\"><span>Continue reading<\/span><i class=\"crycon-right-dir\"><\/i><\/a> <\/p>\n","protected":false},"author":1,"featured_media":0,"parent":0,"menu_order":0,"comment_status":"closed","ping_status":"closed","template":"","meta":{"footnotes":""},"class_list":["post-1328","page","type-page","status-publish","hentry"],"_links":{"self":[{"href":"https:\/\/architektweselmann.de\/index.php?rest_route=\/wp\/v2\/pages\/1328","targetHints":{"allow":["GET"]}}],"collection":[{"href":"https:\/\/architektweselmann.de\/index.php?rest_route=\/wp\/v2\/pages"}],"about":[{"href":"https:\/\/architektweselmann.de\/index.php?rest_route=\/wp\/v2\/types\/page"}],"author":[{"embeddable":true,"href":"https:\/\/architektweselmann.de\/index.php?rest_route=\/wp\/v2\/users\/1"}],"replies":[{"embeddable":true,"href":"https:\/\/architektweselmann.de\/index.php?rest_route=%2Fwp%2Fv2%2Fcomments&post=1328"}],"version-history":[{"count":3,"href":"https:\/\/architektweselmann.de\/index.php?rest_route=\/wp\/v2\/pages\/1328\/revisions"}],"predecessor-version":[{"id":1336,"href":"https:\/\/architektweselmann.de\/index.php?rest_route=\/wp\/v2\/pages\/1328\/revisions\/1336"}],"wp:attachment":[{"href":"https:\/\/architektweselmann.de\/index.php?rest_route=%2Fwp%2Fv2%2Fmedia&parent=1328"}],"curies":[{"name":"wp","href":"https:\/\/api.w.org\/{rel}","templated":true}]}}